{"id":10669,"date":"2017-06-12T11:39:16","date_gmt":"2017-06-12T11:39:16","guid":{"rendered":"http:\/\/www.gasthaus-hofbauer.at\/?page_id=10669"},"modified":"2018-06-16T11:03:16","modified_gmt":"2018-06-16T11:03:16","slug":"gasthaus","status":"publish","type":"page","link":"https:\/\/www.gasthaus-hofbauer.at\/?page_id=10669","title":{"rendered":"Gasthaus"},"content":{"rendered":"<p>[vc_row][vc_column][vc_empty_space height=&#8220;30px&#8220;][pbr_title_heading title=&#8220;Das Gasthaus &#8211; Gastube, St\u00fcberl und S\u00e4le&#8220; style=&#8220;style-2&#8243;][vc_column_text]<\/p>\n<p style=\"text-align: center;\"><strong>Wir haben viel Platz, auch f\u00fcr Ihre Veranstaltung!<\/strong><\/p>\n<p style=\"text-align: center;\">1 Gaststube f\u00fcr ca. 50 G\u00e4ste<br \/>\n1 Nebenzimmer (St\u00fcberl) f\u00fcr ca. 30 G\u00e4ste<br \/>\n1 gro\u00dfer Saal f\u00fcr ca. 150 G\u00e4ste<br \/>\n1 kleiner Saal f\u00fcr ca. 70 G\u00e4ste<\/p>\n<p style=\"text-align: center;\">Bei gr\u00f6\u00dferen Veranstaltungen wird um Reservierung gebeten.<br \/>\nTelefon: <strong>+43 (0) 6278 \/ 8172<\/strong><\/p>\n<p>[\/vc_column_text][vc_empty_space height=&#8220;40px&#8220;][\/vc_column][\/vc_row][vc_row][vc_column width=&#8220;1\/2&#8243;][vc_gallery interval=&#8220;5&#8243; images=&#8220;10692&#8243;][\/vc_column][vc_column width=&#8220;1\/2&#8243;][vc_custom_heading text=&#8220;Gaststube&#8220; font_container=&#8220;tag:h2|text_align:center&#8220; css=&#8220;.vc_custom_1497284507202{padding-bottom: 20px !important;}&#8220;][vc_icon type=&#8220;linecons&#8220; icon_linecons=&#8220;vc_li vc_li-diamond&#8220; color=&#8220;custom&#8220; size=&#8220;lg&#8220; align=&#8220;center&#8220; css_animation=&#8220;appear&#8220; custom_color=&#8220;#c29b73&#8243;][vc_column_text]<\/p>\n<p style=\"text-align: center;\">Die traditionelle Gaststube bietet Platz f\u00fcr etwa 50 G\u00e4ste und eine ebenso urige wie authentische Athmosph\u00e4re.<\/p>\n<p>[\/vc_column_text][\/vc_column][\/vc_row][vc_row][vc_column width=&#8220;1\/2&#8243;][vc_custom_heading text=&#8220;Nebenzimmer (St\u00fcberl)&#8220; font_container=&#8220;tag:h2|text_align:center&#8220; css=&#8220;.vc_custom_1497284770776{padding-bottom: 20px !important;}&#8220;][vc_icon type=&#8220;linecons&#8220; icon_linecons=&#8220;vc_li vc_li-diamond&#8220; color=&#8220;custom&#8220; size=&#8220;lg&#8220; align=&#8220;center&#8220; css_animation=&#8220;appear&#8220; custom_color=&#8220;#c29b73&#8243;][vc_column_text]<\/p>\n<p style=\"text-align: center;\">Ideal geeignet f\u00fcr geschlossene Gesellschaften bietet unser &#8222;St\u00fcberl&#8220; Platz f\u00fcr etwa drei\u00dfig G\u00e4ste.<\/p>\n<p>[\/vc_column_text][\/vc_column][vc_column width=&#8220;1\/2&#8243;][vc_gallery interval=&#8220;3&#8243; images=&#8220;10751&#8243;][\/vc_column][\/vc_row][vc_row][vc_column width=&#8220;1\/2&#8243;][vc_gallery interval=&#8220;5&#8243; images=&#8220;10698,10694,10695,10697,10696&#8243;][\/vc_column][vc_column width=&#8220;1\/2&#8243;][vc_custom_heading text=&#8220;Schattiger Gastgarten&#8220; font_container=&#8220;tag:h2|text_align:center&#8220; css=&#8220;.vc_custom_1497284940719{padding-bottom: 20px !important;}&#8220;][vc_icon type=&#8220;linecons&#8220; icon_linecons=&#8220;vc_li vc_li-diamond&#8220; color=&#8220;custom&#8220; size=&#8220;lg&#8220; align=&#8220;center&#8220; css_animation=&#8220;appear&#8220; custom_color=&#8220;#c29b73&#8243;][vc_column_text]<\/p>\n<p style=\"text-align: center;\">Unser schattiger Gastgarten l\u00e4dt besonders an hei\u00dfen Sommertagen ein zu verweilen und eine Rast einzulegen. Einfach entspannen und die Ruhe genie\u00dfen!<\/p>\n<p>[\/vc_column_text][\/vc_column][\/vc_row][vc_row][vc_column width=&#8220;1\/2&#8243;][vc_custom_heading text=&#8220;Gro\u00dfer Saal&#8220; font_container=&#8220;tag:h2|text_align:center&#8220; css=&#8220;.vc_custom_1497285245760{padding-bottom: 20px !important;}&#8220;][vc_icon type=&#8220;linecons&#8220; icon_linecons=&#8220;vc_li vc_li-diamond&#8220; color=&#8220;custom&#8220; size=&#8220;lg&#8220; align=&#8220;center&#8220; css_animation=&#8220;appear&#8220; custom_color=&#8220;#c29b73&#8243;][vc_column_text]<\/p>\n<p style=\"text-align: center;\">F\u00fcr gr\u00f6\u00dfere Feste und Feierlichkeiten ist unser gro\u00dfer Saal die richtige Wahl. An die 150 Sitzpl\u00e4tze k\u00f6nnen wir hier zur Verf\u00fcgung stellen.<\/p>\n<p>[\/vc_column_text][\/vc_column][vc_column width=&#8220;1\/2&#8243;][vc_gallery interval=&#8220;5&#8243; images=&#8220;10699,10700,10701,10702,10703,10704&#8243;][\/vc_column][\/vc_row][vc_row][vc_column width=&#8220;1\/2&#8243;][vc_gallery interval=&#8220;5&#8243; images=&#8220;10705,10706,10707,10708,10709&#8243;][\/vc_column][vc_column width=&#8220;1\/2&#8243;][vc_custom_heading text=&#8220;Kleiner Saal&#8220; font_container=&#8220;tag:h2|text_align:center&#8220; css=&#8220;.vc_custom_1497285666149{padding-bottom: 20px !important;}&#8220;][vc_icon type=&#8220;linecons&#8220; icon_linecons=&#8220;vc_li vc_li-diamond&#8220; color=&#8220;custom&#8220; size=&#8220;lg&#8220; align=&#8220;center&#8220; css_animation=&#8220;appear&#8220; custom_color=&#8220;#c29b73&#8243;][vc_column_text]<\/p>\n<p style=\"text-align: center;\">Unser kleiner Saal bietet ein besonders helles und freundliches Ambiente. Feierlichkeiten f\u00fcr bis zu 70 G\u00e4ste k\u00f6nnen durchgef\u00fchrt werden.<\/p>\n<p>[\/vc_column_text][\/vc_column][\/vc_row][vc_row][vc_column width=&#8220;1\/2&#8243;][vc_custom_heading text=&#8220;Kinderspielplatz &amp; Salettl&#8220; font_container=&#8220;tag:h2|text_align:center&#8220; css=&#8220;.vc_custom_1498145858590{padding-bottom: 20px !important;}&#8220;][vc_icon type=&#8220;linecons&#8220; icon_linecons=&#8220;vc_li vc_li-diamond&#8220; color=&#8220;custom&#8220; size=&#8220;lg&#8220; align=&#8220;center&#8220; css_animation=&#8220;appear&#8220; custom_color=&#8220;#c29b73&#8243;][vc_column_text]<\/p>\n<p style=\"text-align: center;\">Damit unseren kleinen G\u00e4sten nicht zu schnell langweilig wird, steht ein Kinderspielplatz zur Verf\u00fcgung.<\/p>\n<p>[\/vc_column_text][\/vc_column][vc_column width=&#8220;1\/2&#8243;][vc_gallery interval=&#8220;5&#8243; images=&#8220;10753,10787,10788,10789,10790,10791&#8243;][\/vc_column][\/vc_row][vc_row][vc_column width=&#8220;1\/6&#8243;][vc_column_text][\/vc_column_text][\/vc_column][vc_column width=&#8220;2\/3&#8243;][vc_custom_heading text=&#8220;&#8222;Lad&#8216; ich ein oder werd&#8216; ich eingeladen: zweimal leidet meine Freiheit &#8211; aber im Wirtshaus nie.&#8222;<br \/>\nJean Paul &#8220; font_container=&#8220;tag:h2|font_size:36|text_align:center|color:%23c29b73&#8243; google_fonts=&#8220;font_family:Playfair%20Display%3Aregular%2Citalic%2C700%2C700italic%2C900%2C900italic|font_style:400%20italic%3A400%3Aitalic&#8220;][vc_row_inner][vc_column_inner][vc_empty_space height=&#8220;40px&#8220;][\/vc_column_inner][\/vc_row_inner][\/vc_column][vc_column width=&#8220;1\/6&#8243;][\/vc_column][\/vc_row][vc_row][vc_column][vc_column_text]<\/p>\n<p style=\"text-align: center;\"><strong><a href=\"http:\/\/www.gasthaus-hofbauer.at\/\"><br \/>\nHOME<\/a><\/strong><\/p>\n<p style=\"text-align: center;\"><strong><a href=\"http:\/\/www.gasthaus-hofbauer.at\/?page_id=9221\">\u00dcBER UNS<\/a><\/strong><\/p>\n<p style=\"text-align: center;\"><a href=\"http:\/\/www.gasthaus-hofbauer.at\/?page_id=10669\"><strong>GASTHAUS<\/strong><\/a><\/p>\n<p style=\"text-align: center;\"><strong><a href=\"http:\/\/www.gasthaus-hofbauer.at\/?page_id=5\">ZIMMER &amp; RESERVIERUNG<\/a><\/strong><\/p>\n<p style=\"text-align: center;\"><strong><a href=\"http:\/\/www.gasthaus-hofbauer.at\/?page_id=9368\">ESSEN &amp; TRINKEN<\/a><\/strong><\/p>\n<p style=\"text-align: center;\"><a href=\"http:\/\/www.gasthaus-hofbauer.at\/?page_id=9291\"><strong>LAND &amp; LEUTE<\/strong><\/a><\/p>\n<p style=\"text-align: center;\"><a href=\"http:\/\/www.gasthaus-hofbauer.at\/?page_id=4392\"><strong>\u00d6FFNUNGSZEITEN<\/strong><\/a><\/p>\n<p style=\"text-align: center;\"><strong><a href=\"http:\/\/www.gasthaus-hofbauer.at\/?page_id=24\">KONTAKT<\/a><\/strong><\/p>\n<p style=\"text-align: center;\"><strong><a href=\"http:\/\/www.gasthaus-hofbauer.at\/?page_id=8\">IMPRESSUM &amp; DATENSCHUTZ<\/a><\/strong><\/p>\n<p style=\"text-align: center;\"><strong><a href=\"mailto:heinrich.hofbauer1@aon.at\">heinrich.hofbauer1@aon.at<\/a><\/strong><\/p>\n<p>[\/vc_column_text][\/vc_column][\/vc_row]<\/p>\n","protected":false},"excerpt":{"rendered":"<p>[vc_row][vc_column][vc_empty_space height=&#8220;30px&#8220;][pbr_title_heading title=&#8220;Das Gasthaus &#8211; Gastube, St\u00fcberl und S\u00e4le&#8220; style=&#8220;style-2&#8243;][vc_column_text] Wir haben viel Platz, auch f\u00fcr Ihre Veranstaltung! 1 Gaststube f\u00fcr ca. 50 G\u00e4ste 1 Nebenzimmer (St\u00fcberl) f\u00fcr ca. 30 &hellip; <a href=\"https:\/\/www.gasthaus-hofbauer.at\/?page_id=10669\" class=\"more-link\">Continue reading <span class=\"screen-reader-text\">Gasthaus<\/span> <span class=\"meta-nav\">&rarr;<\/span><\/a><\/p>\n","protected":false},"author":1,"featured_media":0,"parent":0,"menu_order":0,"comment_status":"closed","ping_status":"closed","template":"","meta":{"footnotes":""},"class_list":["post-10669","page","type-page","status-publish","hentry"],"_links":{"self":[{"href":"https:\/\/www.gasthaus-hofbauer.at\/index.php?rest_route=\/wp\/v2\/pages\/10669"}],"collection":[{"href":"https:\/\/www.gasthaus-hofbauer.at\/index.php?rest_route=\/wp\/v2\/pages"}],"about":[{"href":"https:\/\/www.gasthaus-hofbauer.at\/index.php?rest_route=\/wp\/v2\/types\/page"}],"author":[{"embeddable":true,"href":"https:\/\/www.gasthaus-hofbauer.at\/index.php?rest_route=\/wp\/v2\/users\/1"}],"replies":[{"embeddable":true,"href":"https:\/\/www.gasthaus-hofbauer.at\/index.php?rest_route=%2Fwp%2Fv2%2Fcomments&post=10669"}],"version-history":[{"count":22,"href":"https:\/\/www.gasthaus-hofbauer.at\/index.php?rest_route=\/wp\/v2\/pages\/10669\/revisions"}],"predecessor-version":[{"id":10872,"href":"https:\/\/www.gasthaus-hofbauer.at\/index.php?rest_route=\/wp\/v2\/pages\/10669\/revisions\/10872"}],"wp:attachment":[{"href":"https:\/\/www.gasthaus-hofbauer.at\/index.php?rest_route=%2Fwp%2Fv2%2Fmedia&parent=10669"}],"curies":[{"name":"wp","href":"https:\/\/api.w.org\/{rel}","templated":true}]}}

<p>[vc_row][vc_column][vc_empty_space height=&#8220;30px&#8220;][pbr_title_heading title=&#8220;Das Gasthaus &#8211; Gastube, Stüberl und Säle&#8220; style=&#8220;style-2&#8243;][vc_column_text]</p>
<p style="text-align: center;"><strong>Wir haben viel Platz, auch für Ihre Veranstaltung!</strong></p>
<p style="text-align: center;">1 Gaststube für ca. 50 Gäste<br />
1 Nebenzimmer (Stüberl) für ca. 30 Gäste<br />
1 großer Saal für ca. 150 Gäste<br />
1 kleiner Saal für ca. 70 Gäste</p>
<p style="text-align: center;">Bei größeren Veranstaltungen wird um Reservierung gebeten.<br />
Telefon: <strong>+43 (0) 6278 / 8172</strong></p>
<p>[/vc_column_text][vc_empty_space height=&#8220;40px&#8220;][/vc_column][/vc_row][vc_row][vc_column width=&#8220;1/2&#8243;][vc_gallery interval=&#8220;5&#8243; images=&#8220;10692&#8243;][/vc_column][vc_column width=&#8220;1/2&#8243;][vc_custom_heading text=&#8220;Gaststube&#8220; font_container=&#8220;tag:h2|text_align:center&#8220; css=&#8220;.vc_custom_1497284507202{padding-bottom: 20px !important;}&#8220;][vc_icon type=&#8220;linecons&#8220; icon_linecons=&#8220;vc_li vc_li-diamond&#8220; color=&#8220;custom&#8220; size=&#8220;lg&#8220; align=&#8220;center&#8220; css_animation=&#8220;appear&#8220; custom_color=&#8220;#c29b73&#8243;][vc_column_text]</p>
<p style="text-align: center;">Die traditionelle Gaststube bietet Platz für etwa 50 Gäste und eine ebenso urige wie authentische Athmosphäre.</p>
<p>[/vc_column_text][/vc_column][/vc_row][vc_row][vc_column width=&#8220;1/2&#8243;][vc_custom_heading text=&#8220;Nebenzimmer (Stüberl)&#8220; font_container=&#8220;tag:h2|text_align:center&#8220; css=&#8220;.vc_custom_1497284770776{padding-bottom: 20px !important;}&#8220;][vc_icon type=&#8220;linecons&#8220; icon_linecons=&#8220;vc_li vc_li-diamond&#8220; color=&#8220;custom&#8220; size=&#8220;lg&#8220; align=&#8220;center&#8220; css_animation=&#8220;appear&#8220; custom_color=&#8220;#c29b73&#8243;][vc_column_text]</p>
<p style="text-align: center;">Ideal geeignet für geschlossene Gesellschaften bietet unser &#8222;Stüberl&#8220; Platz für etwa dreißig Gäste.</p>
<p>[/vc_column_text][/vc_column][vc_column width=&#8220;1/2&#8243;][vc_gallery interval=&#8220;3&#8243; images=&#8220;10751&#8243;][/vc_column][/vc_row][vc_row][vc_column width=&#8220;1/2&#8243;][vc_gallery interval=&#8220;5&#8243; images=&#8220;10698,10694,10695,10697,10696&#8243;][/vc_column][vc_column width=&#8220;1/2&#8243;][vc_custom_heading text=&#8220;Schattiger Gastgarten&#8220; font_container=&#8220;tag:h2|text_align:center&#8220; css=&#8220;.vc_custom_1497284940719{padding-bottom: 20px !important;}&#8220;][vc_icon type=&#8220;linecons&#8220; icon_linecons=&#8220;vc_li vc_li-diamond&#8220; color=&#8220;custom&#8220; size=&#8220;lg&#8220; align=&#8220;center&#8220; css_animation=&#8220;appear&#8220; custom_color=&#8220;#c29b73&#8243;][vc_column_text]</p>
<p style="text-align: center;">Unser schattiger Gastgarten lädt besonders an heißen Sommertagen ein zu verweilen und eine Rast einzulegen. Einfach entspannen und die Ruhe genießen!</p>
<p>[/vc_column_text][/vc_column][/vc_row][vc_row][vc_column width=&#8220;1/2&#8243;][vc_custom_heading text=&#8220;Großer Saal&#8220; font_container=&#8220;tag:h2|text_align:center&#8220; css=&#8220;.vc_custom_1497285245760{padding-bottom: 20px !important;}&#8220;][vc_icon type=&#8220;linecons&#8220; icon_linecons=&#8220;vc_li vc_li-diamond&#8220; color=&#8220;custom&#8220; size=&#8220;lg&#8220; align=&#8220;center&#8220; css_animation=&#8220;appear&#8220; custom_color=&#8220;#c29b73&#8243;][vc_column_text]</p>
<p style="text-align: center;">Für größere Feste und Feierlichkeiten ist unser großer Saal die richtige Wahl. An die 150 Sitzplätze können wir hier zur Verfügung stellen.</p>
<p>[/vc_column_text][/vc_column][vc_column width=&#8220;1/2&#8243;][vc_gallery interval=&#8220;5&#8243; images=&#8220;10699,10700,10701,10702,10703,10704&#8243;][/vc_column][/vc_row][vc_row][vc_column width=&#8220;1/2&#8243;][vc_gallery interval=&#8220;5&#8243; images=&#8220;10705,10706,10707,10708,10709&#8243;][/vc_column][vc_column width=&#8220;1/2&#8243;][vc_custom_heading text=&#8220;Kleiner Saal&#8220; font_container=&#8220;tag:h2|text_align:center&#8220; css=&#8220;.vc_custom_1497285666149{padding-bottom: 20px !important;}&#8220;][vc_icon type=&#8220;linecons&#8220; icon_linecons=&#8220;vc_li vc_li-diamond&#8220; color=&#8220;custom&#8220; size=&#8220;lg&#8220; align=&#8220;center&#8220; css_animation=&#8220;appear&#8220; custom_color=&#8220;#c29b73&#8243;][vc_column_text]</p>
<p style="text-align: center;">Unser kleiner Saal bietet ein besonders helles und freundliches Ambiente. Feierlichkeiten für bis zu 70 Gäste können durchgeführt werden.</p>
<p>[/vc_column_text][/vc_column][/vc_row][vc_row][vc_column width=&#8220;1/2&#8243;][vc_custom_heading text=&#8220;Kinderspielplatz &amp; Salettl&#8220; font_container=&#8220;tag:h2|text_align:center&#8220; css=&#8220;.vc_custom_1498145858590{padding-bottom: 20px !important;}&#8220;][vc_icon type=&#8220;linecons&#8220; icon_linecons=&#8220;vc_li vc_li-diamond&#8220; color=&#8220;custom&#8220; size=&#8220;lg&#8220; align=&#8220;center&#8220; css_animation=&#8220;appear&#8220; custom_color=&#8220;#c29b73&#8243;][vc_column_text]</p>
<p style="text-align: center;">Damit unseren kleinen Gästen nicht zu schnell langweilig wird, steht ein Kinderspielplatz zur Verfügung.</p>
<p>[/vc_column_text][/vc_column][vc_column width=&#8220;1/2&#8243;][vc_gallery interval=&#8220;5&#8243; images=&#8220;10753,10787,10788,10789,10790,10791&#8243;][/vc_column][/vc_row][vc_row][vc_column width=&#8220;1/6&#8243;][vc_column_text][/vc_column_text][/vc_column][vc_column width=&#8220;2/3&#8243;][vc_custom_heading text=&#8220;&#8222;Lad&#8216; ich ein oder werd&#8216; ich eingeladen: zweimal leidet meine Freiheit &#8211; aber im Wirtshaus nie.&#8222;<br />
Jean Paul &#8220; font_container=&#8220;tag:h2|font_size:36|text_align:center|color:%23c29b73&#8243; google_fonts=&#8220;font_family:Playfair%20Display%3Aregular%2Citalic%2C700%2C700italic%2C900%2C900italic|font_style:400%20italic%3A400%3Aitalic&#8220;][vc_row_inner][vc_column_inner][vc_empty_space height=&#8220;40px&#8220;][/vc_column_inner][/vc_row_inner][/vc_column][vc_column width=&#8220;1/6&#8243;][/vc_column][/vc_row][vc_row][vc_column][vc_column_text]</p>
<p style="text-align: center;"><strong><a href="http://www.gasthaus-hofbauer.at/"><br />
HOME</a></strong></p>
<p style="text-align: center;"><strong><a href="http://www.gasthaus-hofbauer.at/?page_id=9221">ÜBER UNS</a></strong></p>
<p style="text-align: center;"><a href="http://www.gasthaus-hofbauer.at/?page_id=10669"><strong>GASTHAUS</strong></a></p>
<p style="text-align: center;"><strong><a href="http://www.gasthaus-hofbauer.at/?page_id=5">ZIMMER &amp; RESERVIERUNG</a></strong></p>
<p style="text-align: center;"><strong><a href="http://www.gasthaus-hofbauer.at/?page_id=9368">ESSEN &amp; TRINKEN</a></strong></p>
<p style="text-align: center;"><a href="http://www.gasthaus-hofbauer.at/?page_id=9291"><strong>LAND &amp; LEUTE</strong></a></p>
<p style="text-align: center;"><a href="http://www.gasthaus-hofbauer.at/?page_id=4392"><strong>ÖFFNUNGSZEITEN</strong></a></p>
<p style="text-align: center;"><strong><a href="http://www.gasthaus-hofbauer.at/?page_id=24">KONTAKT</a></strong></p>
<p style="text-align: center;"><strong><a href="http://www.gasthaus-hofbauer.at/?page_id=8">IMPRESSUM &amp; DATENSCHUTZ</a></strong></p>
<p style="text-align: center;"><strong><a href="mailto:heinrich.hofbauer1@aon.at">heinrich.hofbauer1@aon.at</a></strong></p>
<p>[/vc_column_text][/vc_column][/vc_row]</p>

<p>[vc_row][vc_column][vc_empty_space height=&#8220;30px&#8220;][pbr_title_heading title=&#8220;Das Gasthaus &#8211; Gastube, Stüberl und Säle&#8220; style=&#8220;style-2&#8243;][vc_column_text] Wir haben viel Platz, auch für Ihre Veranstaltung! 1 Gaststube für ca. 50 Gäste 1 Nebenzimmer (Stüberl) für ca. 30 &hellip; <a href="https://www.gasthaus-hofbauer.at/?page_id=10669" class="more-link">Continue reading <span class="screen-reader-text">Gasthaus</span> <span class="meta-nav">&rarr;</span></a></p>
