{"id":9221,"date":"2016-06-10T09:22:18","date_gmt":"2016-06-10T09:22:18","guid":{"rendered":"http:\/\/localhost\/paradise\/?page_id=9221"},"modified":"2018-06-16T11:02:14","modified_gmt":"2018-06-16T11:02:14","slug":"meet-the-staff","status":"publish","type":"page","link":"https:\/\/www.gasthaus-hofbauer.at\/?page_id=9221","title":{"rendered":"\u00dcBER UNS"},"content":{"rendered":"<p>[vc_row][vc_column][vc_empty_space height=&#8220;30px&#8220;][pbr_title_heading title=&#8220;Das Team&#8220; style=&#8220;style-2&#8243;][vc_column_text]<\/p>\n<p style=\"text-align: center;\">Heinrich Hofbauer und sein Team arbeiten Hand in Hand,<br \/>\num den G\u00e4sten einen sch\u00f6nen und entspannten Aufenthalt zu bieten.<\/p>\n<p style=\"text-align: center;\">Wir bieten unseren G\u00e4sten gutb\u00fcrgerliche K\u00fcche mit \u00f6sterreichischen<br \/>\nSpezialit\u00e4ten. Erlesene Weine runden den Aufenthalt in unserem Gasthaus ab.<\/p>\n<p style=\"text-align: center;\">Der Jahreszeit entsprechend \u00fcberraschen wir unsere G\u00e4ste mit Wildgerichten, Fischspezialit\u00e4ten, uvm.<\/p>\n<p>[\/vc_column_text][vc_empty_space height=&#8220;40px&#8220;][vc_single_image image=&#8220;10808&#8243; alignment=&#8220;center&#8220; onclick=&#8220;link_image&#8220;][\/vc_column][\/vc_row][vc_row][vc_column width=&#8220;1\/6&#8243;][vc_column_text][\/vc_column_text][\/vc_column][vc_column width=&#8220;2\/3&#8243;][vc_custom_heading text=&#8220;&#8222;Mit Liebe kochen ist Nahrung f\u00fcr die Seele.&#8222;&#8220; font_container=&#8220;tag:h2|font_size:36|text_align:center|color:%23c29b73&#8243; google_fonts=&#8220;font_family:Playfair%20Display%3Aregular%2Citalic%2C700%2C700italic%2C900%2C900italic|font_style:400%20italic%3A400%3Aitalic&#8220;][vc_row_inner][vc_column_inner][vc_empty_space height=&#8220;40px&#8220;][\/vc_column_inner][\/vc_row_inner][\/vc_column][vc_column width=&#8220;1\/6&#8243;][\/vc_column][\/vc_row][vc_row][vc_column][vc_column_text]<\/p>\n<p style=\"text-align: center;\"><strong><a href=\"http:\/\/www.gasthaus-hofbauer.at\/\">HOME<\/a><\/strong><\/p>\n<p style=\"text-align: center;\"><strong><a href=\"http:\/\/www.gasthaus-hofbauer.at\/?page_id=9221\">\u00dcBER UNS<\/a><\/strong><\/p>\n<p style=\"text-align: center;\"><a href=\"http:\/\/www.gasthaus-hofbauer.at\/?page_id=10669\"><strong>GASTHAUS<\/strong><\/a><\/p>\n<p style=\"text-align: center;\"><strong><a href=\"http:\/\/www.gasthaus-hofbauer.at\/?page_id=5\">ZIMMER &amp; RESERVIERUNG<\/a><\/strong><\/p>\n<p style=\"text-align: center;\"><strong><a href=\"http:\/\/www.gasthaus-hofbauer.at\/?page_id=9368\">ESSEN &amp; TRINKEN<\/a><\/strong><\/p>\n<p style=\"text-align: center;\"><a href=\"http:\/\/www.gasthaus-hofbauer.at\/?page_id=9291\"><strong>LAND &amp; LEUTE<\/strong><\/a><\/p>\n<p style=\"text-align: center;\"><a href=\"http:\/\/www.gasthaus-hofbauer.at\/?page_id=4392\"><strong>\u00d6FFNUNGSZEITEN<\/strong><\/a><\/p>\n<p style=\"text-align: center;\"><strong><a href=\"http:\/\/www.gasthaus-hofbauer.at\/?page_id=24\">KONTAKT<\/a><\/strong><\/p>\n<p style=\"text-align: center;\"><strong><a href=\"http:\/\/www.gasthaus-hofbauer.at\/?page_id=8\">IMPRESSUM &amp; DATENSCHUTZ<\/a><\/strong><\/p>\n<p style=\"text-align: center;\"><strong><a href=\"mailto:heinrich.hofbauer1@aon.at\">heinrich.hofbauer1@aon.at<\/a><\/strong><\/p>\n<p>[\/vc_column_text][\/vc_column][\/vc_row]<\/p>\n","protected":false},"excerpt":{"rendered":"<p>[vc_row][vc_column][vc_empty_space height=&#8220;30px&#8220;][pbr_title_heading title=&#8220;Das Team&#8220; style=&#8220;style-2&#8243;][vc_column_text] Heinrich Hofbauer und sein Team arbeiten Hand in Hand, um den G\u00e4sten einen sch\u00f6nen und entspannten Aufenthalt zu bieten. Wir bieten unseren G\u00e4sten gutb\u00fcrgerliche K\u00fcche &hellip; <a href=\"https:\/\/www.gasthaus-hofbauer.at\/?page_id=9221\" class=\"more-link\">Continue reading <span class=\"screen-reader-text\">\u00dcBER UNS<\/span> <span class=\"meta-nav\">&rarr;<\/span><\/a><\/p>\n","protected":false},"author":1,"featured_media":0,"parent":0,"menu_order":0,"comment_status":"closed","ping_status":"closed","template":"","meta":{"footnotes":""},"class_list":["post-9221","page","type-page","status-publish","hentry"],"_links":{"self":[{"href":"https:\/\/www.gasthaus-hofbauer.at\/index.php?rest_route=\/wp\/v2\/pages\/9221"}],"collection":[{"href":"https:\/\/www.gasthaus-hofbauer.at\/index.php?rest_route=\/wp\/v2\/pages"}],"about":[{"href":"https:\/\/www.gasthaus-hofbauer.at\/index.php?rest_route=\/wp\/v2\/types\/page"}],"author":[{"embeddable":true,"href":"https:\/\/www.gasthaus-hofbauer.at\/index.php?rest_route=\/wp\/v2\/users\/1"}],"replies":[{"embeddable":true,"href":"https:\/\/www.gasthaus-hofbauer.at\/index.php?rest_route=%2Fwp%2Fv2%2Fcomments&post=9221"}],"version-history":[{"count":36,"href":"https:\/\/www.gasthaus-hofbauer.at\/index.php?rest_route=\/wp\/v2\/pages\/9221\/revisions"}],"predecessor-version":[{"id":10871,"href":"https:\/\/www.gasthaus-hofbauer.at\/index.php?rest_route=\/wp\/v2\/pages\/9221\/revisions\/10871"}],"wp:attachment":[{"href":"https:\/\/www.gasthaus-hofbauer.at\/index.php?rest_route=%2Fwp%2Fv2%2Fmedia&parent=9221"}],"curies":[{"name":"wp","href":"https:\/\/api.w.org\/{rel}","templated":true}]}}