{"id":9291,"date":"2016-06-11T04:24:45","date_gmt":"2016-06-11T04:24:45","guid":{"rendered":"http:\/\/localhost\/paradise\/?page_id=9291"},"modified":"2018-06-16T11:16:48","modified_gmt":"2018-06-16T11:16:48","slug":"about-us","status":"publish","type":"page","link":"https:\/\/www.gasthaus-hofbauer.at\/?page_id=9291","title":{"rendered":"Land &#038; Leute"},"content":{"rendered":"<p>[vc_row css=&#8220;.vc_custom_1465620020887{margin-bottom: 50px !important;}&#8220;][vc_column width=&#8220;1\/6&#8243;][\/vc_column][vc_column width=&#8220;2\/3&#8243; el_class=&#8220;text-center&#8220;][vc_empty_space height=&#8220;30px&#8220;][pbr_title_heading title=&#8220;Land &amp; Leute&#8220; style=&#8220;style-2&#8243;][vc_custom_heading text=&#8220;Das Gasthaus Hofbauer befindet sich im alten Ortskern der beschaulichen Landgemeinde Sankt Radegund, Ober\u00f6sterreich.&#8220; font_container=&#8220;tag:h4|font_size:18px|text_align:center|color:%23040836|line_height:30px&#8220; google_fonts=&#8220;font_family:Playfair%20Display%3Aregular%2Citalic%2C700%2C700italic%2C900%2C900italic|font_style:400%20italic%3A400%3Aitalic&#8220; css=&#8220;.vc_custom_1495873773866{margin-bottom: 20px !important;padding-right: 15% !important;padding-left: 15% !important;}&#8220;][vc_column_text]<\/p>\n<p style=\"text-align: center;\">Da Sankt Radegund einer sehr kleine Gemeinde ist, findet man hier in erster Linie Ruhe und Entspannung. Ferner befindet sich hier das Grab des international bekannten Kriegsdienstverweigeres Franz J\u00e4gerst\u00e4tter. Wanderern bietet Sankt Radegund tolle M\u00f6glichkeiten in verschiedenen Schwierigkeitsgraden. \u00a0Bei l\u00e4ngeren Aufenthalten bieten sich Tagesausfl\u00fcge in die umliegenden historischen St\u00e4dte Burghausen, Tittmoning oder auch nach Salzburg an.<\/p>\n<p>[\/vc_column_text][\/vc_column][vc_column width=&#8220;1\/6&#8243;][\/vc_column][\/vc_row][vc_row css=&#8220;.vc_custom_1465631934707{margin-bottom: 80px !important;}&#8220;][vc_column][pbr_title_heading title=&#8220;Ausflugsziele&#8220; style=&#8220;style-2&#8243;][\/vc_column][\/vc_row][vc_row][vc_column width=&#8220;1\/2&#8243;][vc_gallery interval=&#8220;5&#8243; images=&#8220;10524,10527,10521,10522,10525,10526&#8243;][\/vc_column][vc_column width=&#8220;1\/2&#8243;][vc_custom_heading text=&#8220;Geburtsort, Wohnhaus und Grab<br \/>\nFranz J\u00e4gerst\u00e4tter&#8220; font_container=&#8220;tag:h2|text_align:center&#8220; css=&#8220;.vc_custom_1485080766308{padding-bottom: 20px !important;}&#8220;][vc_icon type=&#8220;linecons&#8220; icon_linecons=&#8220;vc_li vc_li-diamond&#8220; color=&#8220;custom&#8220; size=&#8220;lg&#8220; align=&#8220;center&#8220; css_animation=&#8220;appear&#8220; custom_color=&#8220;#c29b73&#8243;][vc_column_text]<\/p>\n<p style=\"text-align: center;\">Viele Gl\u00e4ubige pilgern Jahr f\u00fcr Jahr nach Sankt Radegund.<br \/>\nBesonders zu den Franz J\u00e4gerst\u00e4tter Gedenktagen am 20. Mai sowie am 9. August stattfindenden j\u00e4hrlichen Feierlichkeiten pilgern Verehrer aus der ganzen Welt in unseren beschaulichen Ort.<\/p>\n<p>[\/vc_column_text][vc_btn title=&#8220;Mehr erfahren&#8220; style=&#8220;custom&#8220; custom_background=&#8220;#c29b73&#8243; custom_text=&#8220;#ffffff&#8220; shape=&#8220;round&#8220; align=&#8220;center&#8220; css_animation=&#8220;bottom-to-top&#8220; link=&#8220;url:https%3A%2F%2Fwww.dioezese-linz.at%2Fsite%2Fjaegerstaetter%2Fbiografie%2Ffranz%2Farticle%2F7088.html||target:%20_blank|&#8220;][\/vc_column][\/vc_row][vc_row][vc_column width=&#8220;1\/2&#8243;][vc_custom_heading text=&#8220;Wanderm\u00f6glichkeiten &#8220; font_container=&#8220;tag:h2|text_align:center&#8220; css=&#8220;.vc_custom_1485081340958{padding-bottom: 20px !important;}&#8220;][vc_icon type=&#8220;linecons&#8220; icon_linecons=&#8220;vc_li vc_li-diamond&#8220; color=&#8220;custom&#8220; size=&#8220;lg&#8220; align=&#8220;center&#8220; css_animation=&#8220;appear&#8220; custom_color=&#8220;#c29b73&#8243;][vc_column_text]<\/p>\n<p style=\"text-align: center;\">Das angrenzende Naturschutzgebiet sowie der beruhigende Weilhartsforst\u00a0 bieten viele interessante Wanderstrecken. Am besten informieren Sie sich bei Ankunft am Gemeindeamt Sankt Radegund.<\/p>\n<p style=\"text-align: center;\"><strong>Tel.: +43 (0)6278 20055<\/strong><\/p>\n<p>[\/vc_column_text][vc_btn title=&#8220;Mehr erfahren&#8220; style=&#8220;custom&#8220; custom_background=&#8220;#c29b73&#8243; custom_text=&#8220;#ffffff&#8220; shape=&#8220;round&#8220; align=&#8220;center&#8220; css_animation=&#8220;bottom-to-top&#8220; link=&#8220;url:http%3A%2F%2Fwww.seelentium.at%2Findex.php%3Fid%3D164||target:%20_blank|&#8220;][\/vc_column][vc_column width=&#8220;1\/2&#8243;][vc_gallery interval=&#8220;5&#8243; images=&#8220;10528,10529,10530,10531,10532,10533,10534,10535,10536,10537,10538,10539,10540,10541,10542,10543,10544,10545,10546,10547&#8243;][\/vc_column][\/vc_row][vc_row][vc_column width=&#8220;1\/2&#8243;][vc_gallery interval=&#8220;5&#8243; images=&#8220;10559,10558,10553,10552,10551,10550,10549&#8243;][\/vc_column][vc_column width=&#8220;1\/2&#8243;][vc_custom_heading text=&#8220;Stadtausfl\u00fcge &#8211; Kulturelles &#8220; font_container=&#8220;tag:h2|text_align:center&#8220; css=&#8220;.vc_custom_1485081414318{padding-bottom: 20px !important;}&#8220;][vc_icon type=&#8220;linecons&#8220; icon_linecons=&#8220;vc_li vc_li-diamond&#8220; color=&#8220;custom&#8220; size=&#8220;lg&#8220; align=&#8220;center&#8220; css_animation=&#8220;appear&#8220; custom_color=&#8220;#c29b73&#8243;][vc_column_text]<\/p>\n<p style=\"text-align: center;\">Sankt Radegund ist Mitglied des Tourismusvereins Seelentium. Auf der Webseite des Vereins finden Sie unz\u00e4hlige Tipps zu Ausfl\u00fcgen in der N\u00e4he.<\/p>\n<p>[\/vc_column_text][vc_btn title=&#8220;Mehr erfahren&#8220; style=&#8220;custom&#8220; custom_background=&#8220;#c29b73&#8243; custom_text=&#8220;#ffffff&#8220; shape=&#8220;round&#8220; align=&#8220;center&#8220; css_animation=&#8220;bottom-to-top&#8220; link=&#8220;url:http%3A%2F%2Fwww.seelentium.at%2Findex.php||target:%20_blank|&#8220;][\/vc_column][\/vc_row][vc_row][vc_column width=&#8220;1\/2&#8243;][vc_custom_heading text=&#8220;Sport und Badem\u00f6glichkeiten&#8220; font_container=&#8220;tag:h2|text_align:center&#8220; css=&#8220;.vc_custom_1485081771467{padding-bottom: 20px !important;}&#8220;][vc_icon type=&#8220;linecons&#8220; icon_linecons=&#8220;vc_li vc_li-diamond&#8220; color=&#8220;custom&#8220; size=&#8220;lg&#8220; align=&#8220;center&#8220; css_animation=&#8220;appear&#8220; custom_color=&#8220;#c29b73&#8243;][vc_column_text]<\/p>\n<p style=\"text-align: center;\">Naturbelasene Badeseen laden mit ihrer hervorragenden Wasserqualit\u00e4t zum Baden ein. Zudem gibt in n\u00e4herer Umgebung moderne Freib\u00e4der sowie ein Hallenbad.<\/p>\n<p>[\/vc_column_text][vc_btn title=&#8220;Mehr erfahren&#8220; style=&#8220;custom&#8220; custom_background=&#8220;#c29b73&#8243; custom_text=&#8220;#ffffff&#8220; shape=&#8220;round&#8220; align=&#8220;center&#8220; css_animation=&#8220;bottom-to-top&#8220; link=&#8220;url:http%3A%2F%2Fwww.seelentium.at%2Findex.php%3Fid%3D165||target:%20_blank|&#8220;][\/vc_column][vc_column width=&#8220;1\/2&#8243;][vc_gallery interval=&#8220;5&#8243; images=&#8220;10554,10556,10561,10558,10559,10560,10562,10557,10555&#8243;][\/vc_column][\/vc_row][vc_row css=&#8220;.vc_custom_1473048439049{margin-bottom: 80px !important;padding-bottom: 60px !important;}&#8220;][vc_column][vc_custom_heading text=&#8220;&#8222;Nichts kommt dem Landleben gleich. Es vermittelt mehr echte Freuden als irgendeine andere Lebensweise.&#8222;<br \/>\nKatherine Mansfield&#8220; font_container=&#8220;tag:h2|font_size:36px|text_align:center|color:%23c29b73|line_height:46px&#8220; google_fonts=&#8220;font_family:Playfair%20Display%3Aregular%2Citalic%2C700%2C700italic%2C900%2C900italic|font_style:400%20italic%3A400%3Aitalic&#8220; css=&#8220;.vc_custom_1485084726479{margin-bottom: 40px !important;}&#8220;][vc_column_text]<\/p>\n<p style=\"text-align: center;\"><strong><a href=\"http:\/\/www.gasthaus-hofbauer.at\/\"><br \/>\nHOME<\/a><\/strong><\/p>\n<p style=\"text-align: center;\"><strong><a href=\"http:\/\/www.gasthaus-hofbauer.at\/?page_id=9221\">\u00dcBER UNS<\/a><\/strong><\/p>\n<p style=\"text-align: center;\"><a href=\"http:\/\/www.gasthaus-hofbauer.at\/?page_id=10669\"><strong>GASTHAUS<\/strong><\/a><\/p>\n<p style=\"text-align: center;\"><strong><a href=\"http:\/\/www.gasthaus-hofbauer.at\/?page_id=5\">ZIMMER &amp; RESERVIERUNG<\/a><\/strong><\/p>\n<p style=\"text-align: center;\"><strong><a href=\"http:\/\/www.gasthaus-hofbauer.at\/?page_id=9368\">ESSEN &amp; TRINKEN<\/a><\/strong><\/p>\n<p style=\"text-align: center;\"><a href=\"http:\/\/www.gasthaus-hofbauer.at\/?page_id=9291\"><strong>LAND &amp; LEUTE<\/strong><\/a><\/p>\n<p style=\"text-align: center;\"><a href=\"http:\/\/www.gasthaus-hofbauer.at\/?page_id=4392\"><strong>\u00d6FFNUNGSZEITEN<\/strong><\/a><\/p>\n<p style=\"text-align: center;\"><strong><a href=\"http:\/\/www.gasthaus-hofbauer.at\/?page_id=24\">KONTAKT<\/a><\/strong><\/p>\n<p style=\"text-align: center;\"><strong><a href=\"http:\/\/www.gasthaus-hofbauer.at\/?page_id=8\">IMPRESSUM &amp; DATENSCHUTZ<\/a><\/strong><\/p>\n<p style=\"text-align: center;\"><strong><a href=\"mailto:heinrich.hofbauer1@aon.at\">heinrich.hofbauer1@aon.at<\/a><\/strong><\/p>\n<p>[\/vc_column_text][\/vc_column][\/vc_row]<\/p>\n","protected":false},"excerpt":{"rendered":"<p>[vc_row css=&#8220;.vc_custom_1465620020887{margin-bottom: 50px !important;}&#8220;][vc_column width=&#8220;1\/6&#8243;][\/vc_column][vc_column width=&#8220;2\/3&#8243; el_class=&#8220;text-center&#8220;][vc_empty_space height=&#8220;30px&#8220;][pbr_title_heading title=&#8220;Land &amp; Leute&#8220; style=&#8220;style-2&#8243;][vc_custom_heading text=&#8220;Das Gasthaus Hofbauer befindet sich im alten Ortskern der beschaulichen Landgemeinde Sankt Radegund, Ober\u00f6sterreich.&#8220; font_container=&#8220;tag:h4|font_size:18px|text_align:center|color:%23040836|line_height:30px&#8220; google_fonts=&#8220;font_family:Playfair%20Display%3Aregular%2Citalic%2C700%2C700italic%2C900%2C900italic|font_style:400%20italic%3A400%3Aitalic&#8220; css=&#8220;.vc_custom_1495873773866{margin-bottom: 20px &hellip; <a href=\"https:\/\/www.gasthaus-hofbauer.at\/?page_id=9291\" class=\"more-link\">Continue reading <span class=\"screen-reader-text\">Land &#038; Leute<\/span> <span class=\"meta-nav\">&rarr;<\/span><\/a><\/p>\n","protected":false},"author":1,"featured_media":0,"parent":0,"menu_order":0,"comment_status":"closed","ping_status":"closed","template":"","meta":{"footnotes":""},"class_list":["post-9291","page","type-page","status-publish","hentry"],"_links":{"self":[{"href":"https:\/\/www.gasthaus-hofbauer.at\/index.php?rest_route=\/wp\/v2\/pages\/9291"}],"collection":[{"href":"https:\/\/www.gasthaus-hofbauer.at\/index.php?rest_route=\/wp\/v2\/pages"}],"about":[{"href":"https:\/\/www.gasthaus-hofbauer.at\/index.php?rest_route=\/wp\/v2\/types\/page"}],"author":[{"embeddable":true,"href":"https:\/\/www.gasthaus-hofbauer.at\/index.php?rest_route=\/wp\/v2\/users\/1"}],"replies":[{"embeddable":true,"href":"https:\/\/www.gasthaus-hofbauer.at\/index.php?rest_route=%2Fwp%2Fv2%2Fcomments&post=9291"}],"version-history":[{"count":53,"href":"https:\/\/www.gasthaus-hofbauer.at\/index.php?rest_route=\/wp\/v2\/pages\/9291\/revisions"}],"predecessor-version":[{"id":10875,"href":"https:\/\/www.gasthaus-hofbauer.at\/index.php?rest_route=\/wp\/v2\/pages\/9291\/revisions\/10875"}],"wp:attachment":[{"href":"https:\/\/www.gasthaus-hofbauer.at\/index.php?rest_route=%2Fwp%2Fv2%2Fmedia&parent=9291"}],"curies":[{"name":"wp","href":"https:\/\/api.w.org\/{rel}","templated":true}]}}

<p>[vc_row css=&#8220;.vc_custom_1465620020887{margin-bottom: 50px !important;}&#8220;][vc_column width=&#8220;1/6&#8243;][/vc_column][vc_column width=&#8220;2/3&#8243; el_class=&#8220;text-center&#8220;][vc_empty_space height=&#8220;30px&#8220;][pbr_title_heading title=&#8220;Land &amp; Leute&#8220; style=&#8220;style-2&#8243;][vc_custom_heading text=&#8220;Das Gasthaus Hofbauer befindet sich im alten Ortskern der beschaulichen Landgemeinde Sankt Radegund, Oberösterreich.&#8220; font_container=&#8220;tag:h4|font_size:18px|text_align:center|color:%23040836|line_height:30px&#8220; google_fonts=&#8220;font_family:Playfair%20Display%3Aregular%2Citalic%2C700%2C700italic%2C900%2C900italic|font_style:400%20italic%3A400%3Aitalic&#8220; css=&#8220;.vc_custom_1495873773866{margin-bottom: 20px !important;padding-right: 15% !important;padding-left: 15% !important;}&#8220;][vc_column_text]</p>
<p style="text-align: center;">Da Sankt Radegund einer sehr kleine Gemeinde ist, findet man hier in erster Linie Ruhe und Entspannung. Ferner befindet sich hier das Grab des international bekannten Kriegsdienstverweigeres Franz Jägerstätter. Wanderern bietet Sankt Radegund tolle Möglichkeiten in verschiedenen Schwierigkeitsgraden.  Bei längeren Aufenthalten bieten sich Tagesausflüge in die umliegenden historischen Städte Burghausen, Tittmoning oder auch nach Salzburg an.</p>
<p>[/vc_column_text][/vc_column][vc_column width=&#8220;1/6&#8243;][/vc_column][/vc_row][vc_row css=&#8220;.vc_custom_1465631934707{margin-bottom: 80px !important;}&#8220;][vc_column][pbr_title_heading title=&#8220;Ausflugsziele&#8220; style=&#8220;style-2&#8243;][/vc_column][/vc_row][vc_row][vc_column width=&#8220;1/2&#8243;][vc_gallery interval=&#8220;5&#8243; images=&#8220;10524,10527,10521,10522,10525,10526&#8243;][/vc_column][vc_column width=&#8220;1/2&#8243;][vc_custom_heading text=&#8220;Geburtsort, Wohnhaus und Grab<br />
Franz Jägerstätter&#8220; font_container=&#8220;tag:h2|text_align:center&#8220; css=&#8220;.vc_custom_1485080766308{padding-bottom: 20px !important;}&#8220;][vc_icon type=&#8220;linecons&#8220; icon_linecons=&#8220;vc_li vc_li-diamond&#8220; color=&#8220;custom&#8220; size=&#8220;lg&#8220; align=&#8220;center&#8220; css_animation=&#8220;appear&#8220; custom_color=&#8220;#c29b73&#8243;][vc_column_text]</p>
<p style="text-align: center;">Viele Gläubige pilgern Jahr für Jahr nach Sankt Radegund.<br />
Besonders zu den Franz Jägerstätter Gedenktagen am 20. Mai sowie am 9. August stattfindenden jährlichen Feierlichkeiten pilgern Verehrer aus der ganzen Welt in unseren beschaulichen Ort.</p>
<p>[/vc_column_text][vc_btn title=&#8220;Mehr erfahren&#8220; style=&#8220;custom&#8220; custom_background=&#8220;#c29b73&#8243; custom_text=&#8220;#ffffff&#8220; shape=&#8220;round&#8220; align=&#8220;center&#8220; css_animation=&#8220;bottom-to-top&#8220; link=&#8220;url:https%3A%2F%2Fwww.dioezese-linz.at%2Fsite%2Fjaegerstaetter%2Fbiografie%2Ffranz%2Farticle%2F7088.html||target:%20_blank|&#8220;][/vc_column][/vc_row][vc_row][vc_column width=&#8220;1/2&#8243;][vc_custom_heading text=&#8220;Wandermöglichkeiten &#8220; font_container=&#8220;tag:h2|text_align:center&#8220; css=&#8220;.vc_custom_1485081340958{padding-bottom: 20px !important;}&#8220;][vc_icon type=&#8220;linecons&#8220; icon_linecons=&#8220;vc_li vc_li-diamond&#8220; color=&#8220;custom&#8220; size=&#8220;lg&#8220; align=&#8220;center&#8220; css_animation=&#8220;appear&#8220; custom_color=&#8220;#c29b73&#8243;][vc_column_text]</p>
<p style="text-align: center;">Das angrenzende Naturschutzgebiet sowie der beruhigende Weilhartsforst  bieten viele interessante Wanderstrecken. Am besten informieren Sie sich bei Ankunft am Gemeindeamt Sankt Radegund.</p>
<p style="text-align: center;"><strong>Tel.: +43 (0)6278 20055</strong></p>
<p>[/vc_column_text][vc_btn title=&#8220;Mehr erfahren&#8220; style=&#8220;custom&#8220; custom_background=&#8220;#c29b73&#8243; custom_text=&#8220;#ffffff&#8220; shape=&#8220;round&#8220; align=&#8220;center&#8220; css_animation=&#8220;bottom-to-top&#8220; link=&#8220;url:http%3A%2F%2Fwww.seelentium.at%2Findex.php%3Fid%3D164||target:%20_blank|&#8220;][/vc_column][vc_column width=&#8220;1/2&#8243;][vc_gallery interval=&#8220;5&#8243; images=&#8220;10528,10529,10530,10531,10532,10533,10534,10535,10536,10537,10538,10539,10540,10541,10542,10543,10544,10545,10546,10547&#8243;][/vc_column][/vc_row][vc_row][vc_column width=&#8220;1/2&#8243;][vc_gallery interval=&#8220;5&#8243; images=&#8220;10559,10558,10553,10552,10551,10550,10549&#8243;][/vc_column][vc_column width=&#8220;1/2&#8243;][vc_custom_heading text=&#8220;Stadtausflüge &#8211; Kulturelles &#8220; font_container=&#8220;tag:h2|text_align:center&#8220; css=&#8220;.vc_custom_1485081414318{padding-bottom: 20px !important;}&#8220;][vc_icon type=&#8220;linecons&#8220; icon_linecons=&#8220;vc_li vc_li-diamond&#8220; color=&#8220;custom&#8220; size=&#8220;lg&#8220; align=&#8220;center&#8220; css_animation=&#8220;appear&#8220; custom_color=&#8220;#c29b73&#8243;][vc_column_text]</p>
<p style="text-align: center;">Sankt Radegund ist Mitglied des Tourismusvereins Seelentium. Auf der Webseite des Vereins finden Sie unzählige Tipps zu Ausflügen in der Nähe.</p>
<p>[/vc_column_text][vc_btn title=&#8220;Mehr erfahren&#8220; style=&#8220;custom&#8220; custom_background=&#8220;#c29b73&#8243; custom_text=&#8220;#ffffff&#8220; shape=&#8220;round&#8220; align=&#8220;center&#8220; css_animation=&#8220;bottom-to-top&#8220; link=&#8220;url:http%3A%2F%2Fwww.seelentium.at%2Findex.php||target:%20_blank|&#8220;][/vc_column][/vc_row][vc_row][vc_column width=&#8220;1/2&#8243;][vc_custom_heading text=&#8220;Sport und Bademöglichkeiten&#8220; font_container=&#8220;tag:h2|text_align:center&#8220; css=&#8220;.vc_custom_1485081771467{padding-bottom: 20px !important;}&#8220;][vc_icon type=&#8220;linecons&#8220; icon_linecons=&#8220;vc_li vc_li-diamond&#8220; color=&#8220;custom&#8220; size=&#8220;lg&#8220; align=&#8220;center&#8220; css_animation=&#8220;appear&#8220; custom_color=&#8220;#c29b73&#8243;][vc_column_text]</p>
<p style="text-align: center;">Naturbelasene Badeseen laden mit ihrer hervorragenden Wasserqualität zum Baden ein. Zudem gibt in näherer Umgebung moderne Freibäder sowie ein Hallenbad.</p>
<p>[/vc_column_text][vc_btn title=&#8220;Mehr erfahren&#8220; style=&#8220;custom&#8220; custom_background=&#8220;#c29b73&#8243; custom_text=&#8220;#ffffff&#8220; shape=&#8220;round&#8220; align=&#8220;center&#8220; css_animation=&#8220;bottom-to-top&#8220; link=&#8220;url:http%3A%2F%2Fwww.seelentium.at%2Findex.php%3Fid%3D165||target:%20_blank|&#8220;][/vc_column][vc_column width=&#8220;1/2&#8243;][vc_gallery interval=&#8220;5&#8243; images=&#8220;10554,10556,10561,10558,10559,10560,10562,10557,10555&#8243;][/vc_column][/vc_row][vc_row css=&#8220;.vc_custom_1473048439049{margin-bottom: 80px !important;padding-bottom: 60px !important;}&#8220;][vc_column][vc_custom_heading text=&#8220;&#8222;Nichts kommt dem Landleben gleich. Es vermittelt mehr echte Freuden als irgendeine andere Lebensweise.&#8222;<br />
Katherine Mansfield&#8220; font_container=&#8220;tag:h2|font_size:36px|text_align:center|color:%23c29b73|line_height:46px&#8220; google_fonts=&#8220;font_family:Playfair%20Display%3Aregular%2Citalic%2C700%2C700italic%2C900%2C900italic|font_style:400%20italic%3A400%3Aitalic&#8220; css=&#8220;.vc_custom_1485084726479{margin-bottom: 40px !important;}&#8220;][vc_column_text]</p>
<p style="text-align: center;"><strong><a href="http://www.gasthaus-hofbauer.at/"><br />
HOME</a></strong></p>
<p style="text-align: center;"><strong><a href="http://www.gasthaus-hofbauer.at/?page_id=9221">ÜBER UNS</a></strong></p>
<p style="text-align: center;"><a href="http://www.gasthaus-hofbauer.at/?page_id=10669"><strong>GASTHAUS</strong></a></p>
<p style="text-align: center;"><strong><a href="http://www.gasthaus-hofbauer.at/?page_id=5">ZIMMER &amp; RESERVIERUNG</a></strong></p>
<p style="text-align: center;"><strong><a href="http://www.gasthaus-hofbauer.at/?page_id=9368">ESSEN &amp; TRINKEN</a></strong></p>
<p style="text-align: center;"><a href="http://www.gasthaus-hofbauer.at/?page_id=9291"><strong>LAND &amp; LEUTE</strong></a></p>
<p style="text-align: center;"><a href="http://www.gasthaus-hofbauer.at/?page_id=4392"><strong>ÖFFNUNGSZEITEN</strong></a></p>
<p style="text-align: center;"><strong><a href="http://www.gasthaus-hofbauer.at/?page_id=24">KONTAKT</a></strong></p>
<p style="text-align: center;"><strong><a href="http://www.gasthaus-hofbauer.at/?page_id=8">IMPRESSUM &amp; DATENSCHUTZ</a></strong></p>
<p style="text-align: center;"><strong><a href="mailto:heinrich.hofbauer1@aon.at">heinrich.hofbauer1@aon.at</a></strong></p>
<p>[/vc_column_text][/vc_column][/vc_row]</p>

<p>[vc_row css=&#8220;.vc_custom_1465620020887{margin-bottom: 50px !important;}&#8220;][vc_column width=&#8220;1/6&#8243;][/vc_column][vc_column width=&#8220;2/3&#8243; el_class=&#8220;text-center&#8220;][vc_empty_space height=&#8220;30px&#8220;][pbr_title_heading title=&#8220;Land &amp; Leute&#8220; style=&#8220;style-2&#8243;][vc_custom_heading text=&#8220;Das Gasthaus Hofbauer befindet sich im alten Ortskern der beschaulichen Landgemeinde Sankt Radegund, Oberösterreich.&#8220; font_container=&#8220;tag:h4|font_size:18px|text_align:center|color:%23040836|line_height:30px&#8220; google_fonts=&#8220;font_family:Playfair%20Display%3Aregular%2Citalic%2C700%2C700italic%2C900%2C900italic|font_style:400%20italic%3A400%3Aitalic&#8220; css=&#8220;.vc_custom_1495873773866{margin-bottom: 20px &hellip; <a href="https://www.gasthaus-hofbauer.at/?page_id=9291" class="more-link">Continue reading <span class="screen-reader-text">Land &#038; Leute</span> <span class="meta-nav">&rarr;</span></a></p>
