{"id":9368,"date":"2016-06-13T09:24:58","date_gmt":"2016-06-13T09:24:58","guid":{"rendered":"http:\/\/localhost\/paradise\/?page_id=9368"},"modified":"2018-06-16T11:06:43","modified_gmt":"2018-06-16T11:06:43","slug":"cuisine","status":"publish","type":"page","link":"https:\/\/www.gasthaus-hofbauer.at\/?page_id=9368","title":{"rendered":"ESSEN &#038; TRINKEN"},"content":{"rendered":"<p>[vc_row css=&#8220;.vc_custom_1465811346158{margin-bottom: 80px !important;}&#8220;][vc_column width=&#8220;1\/6&#8243;][\/vc_column][vc_column width=&#8220;2\/3&#8243;][vc_empty_space height=&#8220;30px&#8220;][pbr_title_heading title=&#8220;ESSEN &amp; TRINKEN&#8220; style=&#8220;style-2&#8243;][vc_custom_heading text=&#8220;Heinrich Hofbauer und sein Team freuen sich Sie kulinarisch verw\u00f6hnen zu d\u00fcrfen &#8220; font_container=&#8220;tag:h5|font_size:18px|text_align:center|color:%23040836|line_height:28px&#8220; google_fonts=&#8220;font_family:Playfair%20Display%3Aregular%2Citalic%2C700%2C700italic%2C900%2C900italic|font_style:400%20italic%3A400%3Aitalic&#8220; css=&#8220;.vc_custom_1484986812015{margin-bottom: 20px !important;}&#8220;][vc_column_text]<\/p>\n<p style=\"text-align: center;\">Wir bieten unseren G\u00e4sten gutb\u00fcrgerliche K\u00fcche mit \u00f6sterreichischen<br \/>\nSpezialit\u00e4ten. Erlesene Weine runden den Aufenthalt in unserem Gasthaus ab.<\/p>\n<p style=\"text-align: center;\">Der Jahreszeit entsprechend \u00fcberraschen wir unsere G\u00e4ste mit Wildgerichten, Fischspezialit\u00e4ten, uvm.<\/p>\n<p>[\/vc_column_text][\/vc_column][vc_column width=&#8220;1\/6&#8243;][\/vc_column][\/vc_row][vc_row css=&#8220;.vc_custom_1465811580878{margin-bottom: 100px !important;}&#8220;][vc_column width=&#8220;1\/4&#8243;][vc_single_image image=&#8220;9380&#8243; img_size=&#8220;full&#8220;][\/vc_column][vc_column width=&#8220;1\/4&#8243;][vc_single_image image=&#8220;9377&#8243; img_size=&#8220;full&#8220;][\/vc_column][vc_column width=&#8220;1\/4&#8243;][vc_single_image image=&#8220;9424&#8243; img_size=&#8220;full&#8220;][\/vc_column][vc_column width=&#8220;1\/4&#8243;][vc_single_image image=&#8220;9379&#8243; img_size=&#8220;full&#8220;][\/vc_column][\/vc_row][vc_row css=&#8220;.vc_custom_1485102094466{padding-top: 30px !important;padding-bottom: 50px !important;background-color: #f8f8f8 !important;}&#8220;][vc_column][vc_row_inner][vc_column_inner][pbr_title_heading title=&#8220;Unser Service&#8220; style=&#8220;style-2&#8243;][\/vc_column_inner][\/vc_row_inner][vc_row_inner css=&#8220;.vc_custom_1473126188002{margin-bottom: 30px !important;}&#8220;][vc_column_inner width=&#8220;1\/4&#8243; css=&#8220;.vc_custom_1473044485158{padding-top: 30px !important;padding-right: 30px !important;padding-bottom: 15px !important;background-color: #ffffff !important;}&#8220;][vc_cta h2=&#8220;Gutb\u00fcrgerliche \u00f6sterreichische Mahlzeiten erfreuen Ihren Gaumen&#8220; h2_font_container=&#8220;font_size:16px|color:%23666666|line_height:30px&#8220; h2_google_fonts=&#8220;font_family:Lato%3A100%2C100italic%2C300%2C300italic%2Cregular%2Citalic%2C700%2C700italic%2C900%2C900italic|font_style:400%20regular%3A400%3Anormal&#8220; h4=&#8220;Mittagsmen\u00fc&#8220; h4_font_container=&#8220;font_size:18px|color:%23000000|line_height:20px&#8220; h4_google_fonts=&#8220;font_family:Playfair%20Display%3Aregular%2Citalic%2C700%2C700italic%2C900%2C900italic|font_style:700%20bold%20regular%3A700%3Anormal&#8220; shape=&#8220;square&#8220; style=&#8220;custom&#8220; add_icon=&#8220;left&#8220; i_icon_fontawesome=&#8220;fa fa-check-circle-o&#8220; i_color=&#8220;custom&#8220; custom_background=&#8220;rgba(255,255,255,0.01)&#8220; use_custom_fonts_h2=&#8220;true&#8220; i_custom_color=&#8220;#c29b73&#8243; use_custom_fonts_h4=&#8220;true&#8220; i_on_border=&#8220;true&#8220;][\/vc_cta][\/vc_column_inner][vc_column_inner width=&#8220;1\/4&#8243; css=&#8220;.vc_custom_1473044677520{padding-top: 30px !important;padding-right: 30px !important;padding-bottom: 15px !important;background-color: #ffffff !important;}&#8220;][vc_cta h2=&#8220;F\u00fcr den kleinen Hunger bieten wir Brettljause, Speckbrot etc.&#8220; h2_font_container=&#8220;font_size:16px|color:%23666666|line_height:30px&#8220; h2_google_fonts=&#8220;font_family:Lato%3A100%2C100italic%2C300%2C300italic%2Cregular%2Citalic%2C700%2C700italic%2C900%2C900italic|font_style:400%20regular%3A400%3Anormal&#8220; h4=&#8220;Nachmittagsjause&#8220; h4_font_container=&#8220;font_size:18px|color:%23000000|line_height:20px&#8220; h4_google_fonts=&#8220;font_family:Playfair%20Display%3Aregular%2Citalic%2C700%2C700italic%2C900%2C900italic|font_style:700%20bold%20regular%3A700%3Anormal&#8220; shape=&#8220;square&#8220; style=&#8220;custom&#8220; add_icon=&#8220;left&#8220; i_icon_fontawesome=&#8220;fa fa-check-circle-o&#8220; i_color=&#8220;custom&#8220; custom_background=&#8220;rgba(255,255,255,0.01)&#8220; use_custom_fonts_h2=&#8220;true&#8220; i_custom_color=&#8220;#c29b73&#8243; use_custom_fonts_h4=&#8220;true&#8220; i_on_border=&#8220;true&#8220;][\/vc_cta][\/vc_column_inner][vc_column_inner width=&#8220;1\/4&#8243; css=&#8220;.vc_custom_1473044981634{padding-top: 30px !important;padding-right: 30px !important;padding-bottom: 15px !important;background-color: #ffffff !important;}&#8220;][vc_cta h2=&#8220;Vegetarische Alternativen f\u00fcr G\u00e4ste die auf Fleisch verzichten&#8220; h2_font_container=&#8220;font_size:16px|color:%23666666|line_height:30px&#8220; h2_google_fonts=&#8220;font_family:Lato%3A100%2C100italic%2C300%2C300italic%2Cregular%2Citalic%2C700%2C700italic%2C900%2C900italic|font_style:400%20regular%3A400%3Anormal&#8220; h4=&#8220;Vegetarisch&#8220; h4_font_container=&#8220;font_size:18px|color:%23000000|line_height:20px&#8220; h4_google_fonts=&#8220;font_family:Playfair%20Display%3Aregular%2Citalic%2C700%2C700italic%2C900%2C900italic|font_style:700%20bold%20regular%3A700%3Anormal&#8220; shape=&#8220;square&#8220; style=&#8220;custom&#8220; add_icon=&#8220;left&#8220; i_icon_fontawesome=&#8220;fa fa-check-circle-o&#8220; i_color=&#8220;custom&#8220; custom_background=&#8220;rgba(255,255,255,0.01)&#8220; use_custom_fonts_h2=&#8220;true&#8220; i_custom_color=&#8220;#c29b73&#8243; use_custom_fonts_h4=&#8220;true&#8220; i_on_border=&#8220;true&#8220;][\/vc_cta][\/vc_column_inner][vc_column_inner width=&#8220;1\/4&#8243; css=&#8220;.vc_custom_1498552649536{padding-top: 30px !important;padding-right: 30px !important;padding-bottom: 15px !important;background-color: #ffffff !important;}&#8220;][vc_cta h2=&#8220;Wenn es zwischendurch auch mal etwas S\u00fc\u00dfes sein darf&#8220; h2_font_container=&#8220;font_size:16px|color:%23666666|line_height:30px&#8220; h2_google_fonts=&#8220;font_family:Lato%3A100%2C100italic%2C300%2C300italic%2Cregular%2Citalic%2C700%2C700italic%2C900%2C900italic|font_style:400%20regular%3A400%3Anormal&#8220; h4=&#8220;Kaffee &amp; Kuchen&#8220; h4_font_container=&#8220;font_size:18px|color:%23000000|line_height:20px&#8220; h4_google_fonts=&#8220;font_family:Playfair%20Display%3Aregular%2Citalic%2C700%2C700italic%2C900%2C900italic|font_style:700%20bold%20regular%3A700%3Anormal&#8220; shape=&#8220;square&#8220; style=&#8220;custom&#8220; add_icon=&#8220;left&#8220; i_icon_fontawesome=&#8220;fa fa-check-circle-o&#8220; i_color=&#8220;custom&#8220; custom_background=&#8220;#ffffff&#8220; use_custom_fonts_h2=&#8220;true&#8220; i_custom_color=&#8220;#c29b73&#8243; use_custom_fonts_h4=&#8220;true&#8220; i_on_border=&#8220;true&#8220;][\/vc_cta][\/vc_column_inner][\/vc_row_inner][\/vc_column][\/vc_row][vc_row][vc_column width=&#8220;1\/2&#8243;][vc_empty_space height=&#8220;60px&#8220;][pbr_title_heading title=&#8220;Highlights&#8220; style=&#8220;style-4&#8243;][vc_custom_heading text=&#8220;Saisonale Spezialit\u00e4ten &#8220; font_container=&#8220;tag:h5|font_size:18px|text_align:left|color:%23040836|line_height:28px&#8220; google_fonts=&#8220;font_family:Playfair%20Display%3Aregular%2Citalic%2C700%2C700italic%2C900%2C900italic|font_style:400%20italic%3A400%3Aitalic&#8220; css=&#8220;.vc_custom_1484987709256{margin-bottom: 20px !important;}&#8220;][vc_column_text]Junges Ziegenfleisch zu Ostern, diverse Wildspezialit\u00e4ten w\u00e4hrend der beliebten Wildtage oder auch Gerichte mit saisonal verf\u00fcgbaren heimischen Fr\u00fcchten sind besondere H\u00f6hepunkte in unserem kulinarischen Jahresprogramm.[\/vc_column_text][\/vc_column][vc_column width=&#8220;1\/2&#8243;][vc_empty_space height=&#8220;60px&#8220;][vc_single_image image=&#8220;10838&#8243; alignment=&#8220;center&#8220; onclick=&#8220;zoom&#8220;][\/vc_column][\/vc_row][vc_row][vc_column][vc_empty_space height=&#8220;40px&#8220;][vc_custom_heading text=&#8220;&#8222;Essen soll zuerst die Augen erfreuen und dann den Magen,&#8222;<br \/>\nJohann Wolfgang von Goethe&#8220; font_container=&#8220;tag:h2|font_size:36|text_align:center|color:%23c29b73&#8243; google_fonts=&#8220;font_family:Playfair%20Display%3Aregular%2Citalic%2C700%2C700italic%2C900%2C900italic|font_style:400%20italic%3A400%3Aitalic&#8220;][vc_empty_space height=&#8220;40px&#8220;][\/vc_column][\/vc_row][vc_row][vc_column][vc_column_text]<\/p>\n<p style=\"text-align: center;\"><strong><a href=\"http:\/\/www.gasthaus-hofbauer.at\/\"><br \/>\nHOME<\/a><\/strong><\/p>\n<p style=\"text-align: center;\"><strong><a href=\"http:\/\/www.gasthaus-hofbauer.at\/?page_id=9221\">\u00dcBER UNS<\/a><\/strong><\/p>\n<p style=\"text-align: center;\"><a href=\"http:\/\/www.gasthaus-hofbauer.at\/?page_id=10669\"><strong>GASTHAUS<\/strong><\/a><\/p>\n<p style=\"text-align: center;\"><strong><a href=\"http:\/\/www.gasthaus-hofbauer.at\/?page_id=5\">ZIMMER &amp; RESERVIERUNG<\/a><\/strong><\/p>\n<p style=\"text-align: center;\"><strong><a href=\"http:\/\/www.gasthaus-hofbauer.at\/?page_id=9368\">ESSEN &amp; TRINKEN<\/a><\/strong><\/p>\n<p style=\"text-align: center;\"><a href=\"http:\/\/www.gasthaus-hofbauer.at\/?page_id=9291\"><strong>LAND &amp; LEUTE<\/strong><\/a><\/p>\n<p style=\"text-align: center;\"><a href=\"http:\/\/www.gasthaus-hofbauer.at\/?page_id=4392\"><strong>\u00d6FFNUNGSZEITEN<\/strong><\/a><\/p>\n<p style=\"text-align: center;\"><strong><a href=\"http:\/\/www.gasthaus-hofbauer.at\/?page_id=24\">KONTAKT<\/a><\/strong><\/p>\n<p style=\"text-align: center;\"><strong><a href=\"http:\/\/www.gasthaus-hofbauer.at\/?page_id=8\">IMPRESSUM &amp; DATENSCHUTZ<\/a><\/strong><\/p>\n<p style=\"text-align: center;\"><strong><a href=\"mailto:heinrich.hofbauer1@aon.at\">heinrich.hofbauer1@aon.at<\/a><\/strong><\/p>\n<p>[\/vc_column_text][\/vc_column][\/vc_row]<\/p>\n","protected":false},"excerpt":{"rendered":"<p>[vc_row css=&#8220;.vc_custom_1465811346158{margin-bottom: 80px !important;}&#8220;][vc_column width=&#8220;1\/6&#8243;][\/vc_column][vc_column width=&#8220;2\/3&#8243;][vc_empty_space height=&#8220;30px&#8220;][pbr_title_heading title=&#8220;ESSEN &amp; TRINKEN&#8220; style=&#8220;style-2&#8243;][vc_custom_heading text=&#8220;Heinrich Hofbauer und sein Team freuen sich Sie kulinarisch verw\u00f6hnen zu d\u00fcrfen &#8220; font_container=&#8220;tag:h5|font_size:18px|text_align:center|color:%23040836|line_height:28px&#8220; google_fonts=&#8220;font_family:Playfair%20Display%3Aregular%2Citalic%2C700%2C700italic%2C900%2C900italic|font_style:400%20italic%3A400%3Aitalic&#8220; css=&#8220;.vc_custom_1484986812015{margin-bottom: 20px !important;}&#8220;][vc_column_text] Wir &hellip; <a href=\"https:\/\/www.gasthaus-hofbauer.at\/?page_id=9368\" class=\"more-link\">Continue reading <span class=\"screen-reader-text\">ESSEN &#038; TRINKEN<\/span> <span class=\"meta-nav\">&rarr;<\/span><\/a><\/p>\n","protected":false},"author":1,"featured_media":0,"parent":0,"menu_order":0,"comment_status":"closed","ping_status":"closed","template":"","meta":{"footnotes":""},"class_list":["post-9368","page","type-page","status-publish","hentry"],"_links":{"self":[{"href":"https:\/\/www.gasthaus-hofbauer.at\/index.php?rest_route=\/wp\/v2\/pages\/9368"}],"collection":[{"href":"https:\/\/www.gasthaus-hofbauer.at\/index.php?rest_route=\/wp\/v2\/pages"}],"about":[{"href":"https:\/\/www.gasthaus-hofbauer.at\/index.php?rest_route=\/wp\/v2\/types\/page"}],"author":[{"embeddable":true,"href":"https:\/\/www.gasthaus-hofbauer.at\/index.php?rest_route=\/wp\/v2\/users\/1"}],"replies":[{"embeddable":true,"href":"https:\/\/www.gasthaus-hofbauer.at\/index.php?rest_route=%2Fwp%2Fv2%2Fcomments&post=9368"}],"version-history":[{"count":139,"href":"https:\/\/www.gasthaus-hofbauer.at\/index.php?rest_route=\/wp\/v2\/pages\/9368\/revisions"}],"predecessor-version":[{"id":10874,"href":"https:\/\/www.gasthaus-hofbauer.at\/index.php?rest_route=\/wp\/v2\/pages\/9368\/revisions\/10874"}],"wp:attachment":[{"href":"https:\/\/www.gasthaus-hofbauer.at\/index.php?rest_route=%2Fwp%2Fv2%2Fmedia&parent=9368"}],"curies":[{"name":"wp","href":"https:\/\/api.w.org\/{rel}","templated":true}]}}